
3
What is the ten millions digit of 20816109?
2
What is the units digit of 691331?
1
What is the tens digit of 1094090?
9
What is the thousands digit of 862169?
2
What is the hundreds digit of 11311343?
3
What is the thousands digit of 511702?
1
What is the hundreds digit of 73341?
3
What is the tens digit of 2887399?
9
What is the hundreds digit of 135616?
6
What is the hundreds digit of 1111155?
1
What is the hundreds digit of 2939170?
1
What is the thousands digit of 9842103?
2
What is the hundreds digit of 154513?
5
What is the ten thousands digit of 1092694?
9
What is the hundred thousands digit of 598760?
5
What is the hundred thousands digit of 946669?
9
What is the thousands digit of 89047?
9
What is the units digit of 440712?
2
What is the thousands digit of 1529961?
9
What is the hundred thousands digit of 421276?
4
What is the hundred thousands digit of 5108791?
1
What is the units digit of 96259?
9
What is the millions digit of 2596546?
2
What is the hundreds digit of 767702?
7
What is the tens digit of 609035?
3
What is the hundreds digit of 84949?
9
What is the ten thousands digit of 295965?
9
What is the ten thousands digit of 1317352?
1
What is the thousands digit of 27859?
7
What is the ten thousands digit of 593904?
9
What is the units digit of 1646376?
6
What is the hundreds digit of 2280400?
4
What is the millions digit of 16068957?
6
What is the ten thousands digit of 13650536?
5
What is the thousands digit of 2203779?
3
What is the hundreds digit of 232169?
1
What is the hundreds digit of 2376428?
4
What is the units digit of 1533173?
3
What is the ten millions digit of 19574552?
1
What is the tens digit of 170694?
9
What is the tens digit of 196461?
6
What is the units digit of 6372704?
4
What is the ten thousands digit of 848778?
4
What is the millions digit of 23504269?
3
What is the ten millions digit of 38566896?
3
What is the tens digit of 1998175?
7
What is the hundred thousands digit of 17365144?
3
What is the units digit of 248300?
0
What is the tens digit of 38492?
9
What is the millions digit of 11907069?
1
What is the tens digit of 1015134?
3
What is the units digit of 93689?
9
What is the thousands digit of 9176360?
6
What is the ten thousands digit of 8018849?
1
What is the tens digit of 1474987?
8
What is the hundred thousands digit of 2257967?
2
What is the tens digit of 5397?
9
What is the millions digit of 27019474?
7
What is the hundreds digit of 1109364?
3
What is the units digit of 5730264?
4
What is the ten thousands digit of 12393?
1
What is the hundreds digit of 92527?
5
What is the units digit of 11543558?
8
What is the units digit of 4765514?
4
What is the ten thousands digit of 340717?
4
What is the units digit of 964553?
3
What is the tens digit of 900678?
7
What is the tens digit of 227292?
9
What is the hundreds digit of 18366042?
0
What is the units digit of 185608?
8
What is the millions digit of 37283019?
7
What is the millions digit of 1127732?
1
What is the tens digit of 9456002?
0
What is the thousands digit of 126474?
6
What is the ten thousands digit of 5689867?
8
What is the tens digit of 336986?
8
What is the tens digit of 2823766?
6
What is the tens digit of 503751?
5
What is the tens digit of 375340?
4
What is the hundred thousands digit of 377530?
3
What is the hundred thousands digit of 152199?
1
What is the units digit of 6499818?
8
What is the thousands digit of 1553734?
3
What is the ten thousands digit of 1508403?
0
What is the units digit of 6233836?
6
What is the ten thousands digit of 523465?
2
What is the hundred thousands digit of 1535007?
5
What is the hundreds digit of 8060298?
2
What is the thousands digit of 23942?
3
What is the hundred thousands digit of 2001968?
0
What is the hundreds digit of 908816?
8
What is the hundreds digit of 80053?
0
What is the hundreds digit of 6307778?
7
What is the hundreds digit of 439270?
2
What is the hundred thousands digit of 124210?
1
What is the hundreds digit of 1013852?
8
What is the tens digit of 322368?
6
What is the ten thousands digit of 1323401?
2
What is the tens digit of 1812625?
2
What is the thousands digit of 121022?
1
What is the units digit of 16688707?
7
What is the hundred thousands digit of 4058709?
0
What is the hundred thousands digit of 338796?
3
What is the thousands digit of 7158055?
8
What is the tens digit of 1946523?
2
What is the ten thousands digit of 1239347?
3
What is the hundred thousands digit of 6607922?
6
What is the ten thousands digit of 2377453?
7
What is the ten thousands digit of 13639436?
3
What is the ten thousands digit of 172587?
7
What is the hundreds digit of 17082476?
4
What is the tens digit of 113723?
2
What is the thousands digit of 334390?
4
What is the hundred thousands digit of 970474?
9
What is the tens digit of 225962?
6
What is the units digit of 26916798?
8
What is the tens digit of 8739045?
4
What is the tens digit of 6754477?
7
What is the hundreds digit of 364410?
4
What is the tens digit of 279334?
3
What is the units digit of 195153?
3
What is the ten millions digit of 18260395?
1
What is the millions digit of 4541039?
4
What is the units digit of 4872820?
0
What is the tens digit of 95319?
1
What is the hundreds digit of 5716639?
6
What is the hundreds digit of 777433?
4
What is the thousands digit of 191956?
1
What is the units digit of 3851422?
2
What is the units digit of 464487?
7
What is the tens digit of 532881?
8
What is the ten millions digit of 32072782?
3
What is the thousands digit of 498617?
8
What is the hundred thousands digit of 173847?
1
What is the ten thousands digit of 124140?
2
What is the tens digit of 211574?
7
What is the hundreds digit of 83210?
2
What is the thousands digit of 16724318?
4
What is the hundred thousands digit of 103198?
1
What is the hundreds digit of 8290142?
1
What is the hundred thousands digit of 7884872?
8
What is the tens digit of 1044423?
2
What is the tens digit of 38019431?
3
What is the ten thousands digit of 18032003?
3
What is the ten thousands digit of 7148767?
4
What is the ten millions digit of 23574414?
2
What is the units digit of 743677?
7
What is the millions digit of 10549244?
0
What is the hundred thousands digit of 1281489?
2
What is the ten thousands digit of 2554531?
5
What is the hundred thousands digit of 324788?
3
What is the units digit of 597040?
0
What is the ten thousands digit of 12983951?
8
What is the millions digit of 29471693?
9
What is the thousands digit of 23249572?
9
What is the units digit of 458440?
0
What is the ten thousands digit of 14758335?
5
What is the ten thousands digit of 1505580?
0
What is the ten millions digit of 15783350?
1
What is the thousands digit of 10844281?
4
What is the hundred thousands digit of 286248?
2
What is the thousands digit of 1062867?
2
What is the units digit of 5226747?
7
What is the thousands digit of 20220736?
0
What is the hundred thousands digit of 13224371?
2
What is the hundreds digit of 3351162?
1
What is the thousands digit of 1006239?
6
What is the tens digit of 773050?
5
What is the thousands digit of 41144?
1
What is the units digit of 540405?
5
What is the hundreds digit of 1864035?
0
What is the units digit of 2013604?
4
What is the ten thousands digit of 231895?
3
What is the tens digit of 3314006?
0
What is the ten thousands digit of 253864?
5
What is the hundreds digit of 1193204?
2
What is the hundred thousands digit of 448395?
4
What is the units digit of 381390?
0
What is the units digit of 1958810?
0
What is the tens digit of 2642137?
3
What is the tens digit of 19677639?
3
What is the hundreds digit of 299949?
9
What is the ten thousands digit of 4686808?
8
What is the millions digit of 1287933?
1
What is the tens digit of 93023?
2
What is the ten thousands digit of 95705?
9
What is the ten thousands digit of 117167?
1
What is the ten thousands digit of 2507255?
0
What is the units digit of 1068908?
8
What is the units digit of 507420?
0
What is the millions digit of 19591312?
9
What is the ten thousands digit of 1158735?
5
What is the thousands digit of 3053776?
3
What is the units digit of 3407358?
8
What is the thousands digit of 802166?
2
What is the units digit of 5076856?
6
What is the tens digit of 20182744?
4
What is th